{"id":5665,"date":"2020-05-20T23:37:49","date_gmt":"2020-05-20T21:37:49","guid":{"rendered":"http:\/\/zsp-piatkowisko.pl\/?page_id=5665"},"modified":"2026-03-16T08:08:23","modified_gmt":"2026-03-16T08:08:23","slug":"logopeda","status":"publish","type":"page","link":"https:\/\/zsp-piatkowisko.pl\/?page_id=5665","title":{"rendered":"Logopeda"},"content":{"rendered":"<p>&nbsp;<\/p>\n<p style=\"text-align: justify;\">W\u015br\u00f3d bogatej oferty zaj\u0119\u0107 dodatkowych&nbsp; w&nbsp; organizowanych w Zespole Szkolno -Przedszkolnym warto zwr\u00f3ci\u0107 szczeg\u00f3ln\u0105 uwag\u0119 na zaj\u0119cia terapii logopedycznej. W terapii uczestnicz\u0105 uczniowie, dzieci z grupy 5-latk\u00f3w i &#8222;zer\u00f3wki&#8221; oraz dzieci posiadaj\u0105ce orzeczenia o potrzebie takiego kszta\u0142cenia.&nbsp; Dzieci te zosta\u0142y wytypowane w trakcie bada\u0144 przesiewowych prowadzonych w plac\u00f3wce we wrze\u015bniu. Dzieci m\u0142odsze wraz z rodzicami maj\u0105 mo\u017cliwo\u015b\u0107 uczestniczenia w konsultacjach logopedycznych. Informacje o tych spotkaniach s\u0105 wywieszane na tablicy og\u0142osze\u0144 w szatni. Zar\u00f3wno terapia jak i&nbsp;konsultacje s\u0105 prowadzone bezp\u0142atnie.<\/p>\n<p>W trakcie zaj\u0119\u0107 logopedycznych realizowane s\u0105:<\/p>\n<ul>\n<li><b>\u0107wiczenia artykulacyjne, fonacyjne i oddechowe;<br \/>\n<\/b><\/li>\n<\/ul>\n<ul>\n<li>\u0107wiczenia grafomotoryczne r\u0119ki dominuj\u0105cej dziecka;<\/li>\n<\/ul>\n<ul>\n<li>\u0107wiczenia analizy i syntezy s\u0142uchowej;<\/li>\n<\/ul>\n<ul>\n<li>\u0107wiczenia stymuluj\u0105ce r\u00f3\u017cne formy aktywno\u015bci dziecka;<\/li>\n<\/ul>\n<ul>\n<li>wywo\u0142ywanie g\u0142osek zaburzonych;<\/li>\n<\/ul>\n<ul>\n<li>poszerzanie s\u0142ownictwa czynnego i biernego;<\/li>\n<\/ul>\n<ul>\n<li>usprawnianie aparatu s\u0142uchowego dziecka (szczeg\u00f3lnie s\u0142uch fonematyczny);<\/li>\n<li>rozwijanie umiej\u0119tno\u015bci aktywnego komunikowania si\u0119 z otoczeniem.<\/li>\n<\/ul>\n<p style=\"text-align: justify;\">Ka\u017cde dziecko wychodz\u0105c z zaj\u0119\u0107 otrzymuje kart\u0119 pracy, na kt\u00f3rej szczeg\u00f3\u0142owo om\u00f3wiony jest przerabiany na terapii materia\u0142. Zadaniem rodzica jest powt\u00f3rzenie z dzieckiem&nbsp; \u0107wicze\u0144 znajduj\u0105cych si\u0119 na karcie pracy. W przypadku wszelkich niejasno\u015bci b\u0105d\u017a zagubienia karty pracy zalecany jest kontakt z logoped\u0105.<\/p>\n<p>&nbsp;<\/p>\n","protected":false},"excerpt":{"rendered":"<p>&nbsp; W\u015br\u00f3d bogatej oferty zaj\u0119\u0107 dodatkowych&nbsp; w&nbsp; organizowanych w Zespole Szkolno -Przedszkolnym warto zwr\u00f3ci\u0107 szczeg\u00f3ln\u0105 uwag\u0119 na zaj\u0119cia terapii logopedycznej. W terapii uczestnicz\u0105 uczniowie, dzieci z grupy 5-latk\u00f3w i &#8222;zer\u00f3wki&#8221; oraz dzieci posiadaj\u0105ce orzeczenia o potrzebie takiego kszta\u0142cenia.&nbsp; Dzieci te zosta\u0142y wytypowane w trakcie bada\u0144 przesiewowych prowadzonych w plac\u00f3wce we [&hellip;]<\/p>\n","protected":false},"author":3,"featured_media":0,"parent":0,"menu_order":0,"comment_status":"closed","ping_status":"closed","template":"","meta":{"ngg_post_thumbnail":0,"footnotes":""},"class_list":["post-5665","page","type-page","status-publish","hentry"],"_links":{"self":[{"href":"https:\/\/zsp-piatkowisko.pl\/index.php?rest_route=\/wp\/v2\/pages\/5665","targetHints":{"allow":["GET"]}}],"collection":[{"href":"https:\/\/zsp-piatkowisko.pl\/index.php?rest_route=\/wp\/v2\/pages"}],"about":[{"href":"https:\/\/zsp-piatkowisko.pl\/index.php?rest_route=\/wp\/v2\/types\/page"}],"author":[{"embeddable":true,"href":"https:\/\/zsp-piatkowisko.pl\/index.php?rest_route=\/wp\/v2\/users\/3"}],"replies":[{"embeddable":true,"href":"https:\/\/zsp-piatkowisko.pl\/index.php?rest_route=%2Fwp%2Fv2%2Fcomments&post=5665"}],"version-history":[{"count":1,"href":"https:\/\/zsp-piatkowisko.pl\/index.php?rest_route=\/wp\/v2\/pages\/5665\/revisions"}],"predecessor-version":[{"id":6913,"href":"https:\/\/zsp-piatkowisko.pl\/index.php?rest_route=\/wp\/v2\/pages\/5665\/revisions\/6913"}],"wp:attachment":[{"href":"https:\/\/zsp-piatkowisko.pl\/index.php?rest_route=%2Fwp%2Fv2%2Fmedia&parent=5665"}],"curies":[{"name":"wp","href":"https:\/\/api.w.org\/{rel}","templated":true}]}}